 q and 51?
17
Let t be ((-150)/8)/(4/(-16)). Suppose -14*i = -19*i + t. Calculate the greatest common factor of 90 and i.
15
Let n be (-1)/2*0/2. Suppose n = -r - 0*r + 2. Let v(s) = 3*s - 8. Let x be v(4). Calculate the greatest common divisor of r and x.
2
Let j be ((-1)/(-2))/((-2)/(-504)*3). Calculate the greatest common divisor of 56 and j.
14
Suppose -4*d = -41 + 1. What is the highest common factor of d and 10?
10
Suppose 2*k - 45 = -3*r, -4*k = 5*r - 60 - 29. Suppose -4*t = -k - 39. Let w = t - 10. Calculate the greatest common divisor of w and 15.
5
Let k be 0 - 4/(-6)*3. Let s(n) = 2*n**2 + n**k - 4*n + 0*n. Let w be s(5). What is the highest common factor of 22 and w?
11
Let v be 303/4 + (-18)/24. What is the greatest common divisor of 50 and v?
25
Let t(z) = 60*z**3 - 2*z + 2. Let g be t(1). What is the highest common factor of g and 10?
10
Let d be 1/(-2) - 65/(-10). Suppose -5*x - 69 + 189 = 0. What is the greatest common divisor of x and d?
6
Let m = -2 - -4. Let i be (-2 - -5)*(1 - 0). What is the greatest common divisor of m and i?
1
Let w be 2/2 + 112/16. Calculate the highest common factor of 64 and w.
8
Let n be 36/126 - (-103)/7. Calculate the highest common factor of 75 and n.
15
Suppose -d = 7 + 4. Let f = 20 + d. What is the greatest common factor of f and 3?
3
Let t = 108 + -39. Let r be 24 - ((-6)/(-2))/3. What is the highest common divisor of t and r?
23
Suppose o + 157 = -4*c, 2*o = -3*c - 19 - 105. Let h be 3/(-4) - c/8. Suppose -h*u + 196 = 56. Calculate the greatest common divisor of u and 14.
7
Let i = -71 - -109. What is the greatest common factor of 19 and i?
19
Let j(h) = h**3 - h**2 + 22. Let n be j(0). Calculate the greatest common factor of 33 and n.
11
Let j be 14*(-1 + -1)/(-4). Suppose 5*p + j = -t, -5*p - 31 = -t - t. What is the greatest common divisor of 32 and t?
8
Suppose 2*d - 12 = -k, 0*k - 14 = -2*k - 2*d. Let q be ((-3)/k)/((-2)/24). What is the greatest common factor of 162 and q?
18
Let g = 276 - -68. Let p be g/32 + (-2)/(-8). What is the greatest common divisor of 33 and p?
11
Suppose -3*x + 24 = w, 3*w - 40 = -4*x - x. Let u be (18/(-4))/(2/(-4)). Let t be (u/(-2))/(3/(-48)). What is the highest common divisor of t and x?
8
Let g(m) = -5*m - 12. Let v be g(-8). Suppose 6*o - o - 95 = -5*d, 0 = -2*d + o + 23. Calculate the greatest common divisor of d and v.
14
Let j(k) = k**2 + k + 3. Let d be j(3). What is the highest common factor of d and 105?
15
Suppose 0 = -5*x - m + 10, 2*m + 4 + 0 = -2*x. Let b = 24 + -23. Calculate the highest common factor of b and x.
1
Let g(f) be the second derivative of -77*f**5/20 - 2*f. Let h be g(-1). Let a = -77 + 84. Calculate the highest common factor of a and h.
7
Suppose 0 = -m + 2*m - 2*d - 26, 0 = 4*m - d - 97. Calculate the highest common divisor of m and 8.
8
Let y be (6/7)/(2/140). Let g be (-111)/(-3)*(0 + 2). Suppose 2 = -3*d + g. What is the highest common factor of y and d?
12
Let s = -14 + 54. What is the highest common factor of s and 8?
8
Suppose 3*z - 6 = 3*i, 3*i - 5 - 24 = -4*z. Calculate the greatest common divisor of 20 and z.
5
Let x be (-1 + 1 + 0)/1. Suppose x*u = 2*u - 54. Calculate the greatest common divisor of 297 and u.
27
Let l be (-27)/2*(-16)/3. Let r = 13 + -5. Calculate the greatest common factor of r and l.
8
Suppose 0 = -s + 55 + 32. What is the highest common divisor of s and 29?
29
Let w(j) = -j + 1. Let n be (-2 - -6) + -1 + 0. Let a be w(n). Let h be 27*((-12)/9 - a). What is the highest common divisor of h and 2?
2
Suppose -2*q + 83 + 71 = 2*g, -3*q = -2*g + 174. Let m(h) = -2*h + 35. Let b be m(13). What is the highest common divisor of b and g?
9
Let c(g) = 39*g**2 + 2*g. Let f be c(-2). Calculate the greatest common divisor of f and 19.
19
Suppose 4*l + 83 = -5*t + 286, 3*t - 197 = -4*l. Suppose -l + 227 = 5*p. Let n be (6/(-4))/((-1)/6). Calculate the greatest common factor of p and n.
9
Let p be 1 + (-1887)/(-24) - (-6)/16. Calculate the greatest common factor of 5 and p.
5
Let w(m) = -m**2 + 21*m - 2. Let h be w(18). Let v be 0*(0 - 1/1). Let p be (-1 - -14) + v/(-2). What is the highest common divisor of p and h?
13
Suppose -10 = -7*m + 5*m. Suppose 5*a - x = 66, -m*x + 23 = 3. Calculate the highest common factor of a and 56.
14
Let z be (-1 + -1)/(3/54). Let t be (-1448)/z + (-2)/9. Calculate the highest common factor of 16 and t.
8
Let i(f) = f**3 + 7*f**2 - 2*f. Suppose 3*b - 2*x - 10 + 25 = 0, b + 5 = -3*x. Let v be i(b). Let z = -35 + 59. What is the greatest common factor of z and v?
12
Let g = -109 + 204. Calculate the highest common divisor of g and 38.
19
Let n = 18 - -2. Calculate the greatest common factor of 30 and n.
10
Let i = -130 - -137. Calculate the highest common factor of i and 49.
7
Let f = -55 - -37. Let j be (-122)/f + (-22)/(-99). What is the highest common factor of j and 7?
7
Let x be 7*(1 - (2 + 0))*-2. What is the highest common factor of 112 and x?
14
Let w be 32 + (6/8)/((-2)/(-8)). Let j be 4196/12 + 3/9. Calculate the highest common factor of w and j.
35
Let j = 486 + -266. What is the highest common factor of 20 and j?
20
Suppose 2*y + 2*r + 28 = 304, -2*y + 266 = -3*r. Suppose -f = -3*f. Suppose 0 = -4*o - f*o + 68. What is the highest common divisor of o and y?
17
Suppose 83*r = 89*r - 12. Let b(i) be the third derivative of i**4/24 + 2*i**3/3 - i**2. Let a be b(4). Calculate the highest common factor of r and a.
2
Suppose -3*x + 3*m = -111, 4*x - 7*m - 146 = -2*m. What is the highest common divisor of 13 and x?
13
Let k = -34 - -71. Calculate the greatest common factor of k and 259.
37
Suppose 3*u - 6*u = -66. Calculate the greatest common divisor of 2 and u.
2
Suppose -6*m + m = -20. Suppose -k = -m*k + 9. Suppose -n + 11 = -k. What is the greatest common factor of n and 7?
7
Let k be 0 - 2/(-7) - (-748)/28. What is the highest common factor of 216 and k?
27
Let z(r) = -r - 5. Let q be z(-7). Let f be ((-14)/(-4))/(q/60). Suppose 46*v - 45 = 43*v. Calculate the highest common divisor of v and f.
15
Suppose -2*r - 4*k = -r - 89, 3*k + 330 = 5*r. Let p = 57 - 11. Let n be 5/(-5) - (-1 - p). Calculate the greatest common divisor of r and n.
23
Let s be 4*(-2)/1*-2. Let h = 9 - s. Let b(y) = y**3 + 6*y**2 - 9*y + 3. Let d be b(h). What is the greatest common divisor of d and 119?
17
Let q = 27 + -16. What is the highest common factor of q and 22?
11
Suppose -4*i = g + 6, 4*g + 4 = 2*g. Let b be 1 - (6/2 + i). Let v be 2*b/2 - -15. What is the highest common factor of v and 154?
14
Suppose -3*o + 372 = 4*x + 2*o, -2*o + 96 = x. Let d be 12*((-1)/2)/(-1). Let t = 17 - d. What is the highest common divisor of t and x?
11
Suppose 62 = w + w. Calculate the greatest common divisor of 93 and w.
31
Suppose -5*x + 33 = 3*k - 33, -3*k - 39 = -2*x. Calculate the greatest common factor of x and 135.
15
Let v(b) = -b - 9. Let u be v(-11). Let l be (-1 + u)*(6 + -4). Calculate the greatest common factor of 10 and l.
2
Suppose 0 = -2*r + 3*i + 58 + 74, -3*r = 5*i - 198. Suppose 3*b + 41 = 14. Let k = -3 - b. What is the highest common divisor of r and k?
6
Suppose -12*j + 11*j + 144 = 0. Calculate the highest common divisor of j and 18.
18
Let v(p) = 2*p + 91. Let m be v(0). Calculate the greatest common factor of 13 and m.
13
Suppose 323 = 13*n + 4*n. Let j(t) = -t + 5. Let y be j(-5). Let c be 186/10 - (-4)/y. What is the greatest common factor of n and c?
19
Let y be ((-42)/8)/((-6)/96). What is the greatest common divisor of 21 and y?
21
Suppose 0*l + 6 = 2*l, 27 = 3*v + 5*l. Suppose v*k = 2*k. Suppose 4*s + 12 = o, k*o + 2*s = 3*o - 86. What is the highest common divisor of 16 and o?
16
Let k be 0/(-2)*8/16. Let b be (k - 4/6)*-33. Calculate the highest common factor of b and 55.
11
Let o = 20 - 17. Suppose -o*c = -78 - 219. Calculate the highest common factor of c and 11.
11
Let j be (30/4)/(-2 - 5/(-2)). Calculate the highest common factor of j and 195.
15
Let d(b) = -b**2 - 7*b + 4. Let t be d(-7). Suppose u - t*u + 12 = 0. What is the highest common factor of u and 28?
4
Suppose -4*o + 5*m = -44, -3*o + 0*o - 2 = 5*m. Suppose -2*p = -o*p + 280. Calculate the greatest common divisor of 14 and p.
14
Let i(h) = -6*h + 4*h - 2*h - h**2. Let o be i(-2). What is the highest common fac